s divided by 202?
12
Calculate the remainder when 1302 is divided by 65.
2
Calculate the remainder when 142 is divided by 29.
26
What is the remainder when 516 is divided by 88?
76
Calculate the remainder when 160 is divided by 78.
4
What is the remainder when 362 is divided by 350?
12
Calculate the remainder when 162 is divided by 42.
36
What is the remainder when 2433 is divided by 84?
81
What is the remainder when 125 is divided by 21?
20
Calculate the remainder when 786 is divided by 161.
142
Calculate the remainder when 384 is divided by 133.
118
What is the remainder when 1369 is divided by 98?
95
Calculate the remainder when 62 is divided by 9.
8
Calculate the remainder when 635 is divided by 261.
113
What is the remainder when 205 is divided by 9?
7
Calculate the remainder when 4060 is divided by 39.
4
What is the remainder when 384 is divided by 123?
15
Calculate the remainder when 174 is divided by 4.
2
What is the remainder when 790 is divided by 44?
42
Calculate the remainder when 91 is divided by 26.
13
Calculate the remainder when 10477 is divided by 32.
13
Calculate the remainder when 2895 is divided by 223.
219
What is the remainder when 675 is divided by 328?
19
Calculate the remainder when 14212 is divided by 25.
12
What is the remainder when 281 is divided by 260?
21
Calculate the remainder when 481 is divided by 152.
25
Calculate the remainder when 121 is divided by 46.
29
Calculate the remainder when 33 is divided by 5.
3
Calculate the remainder when 187 is divided by 10.
7
What is the remainder when 898 is divided by 15?
13
Calculate the remainder when 1137 is divided by 12.
9
Calculate the remainder when 52 is divided by 27.
25
What is the remainder when 841 is divided by 122?
109
Calculate the remainder when 418 is divided by 36.
22
What is the remainder when 1991 is divided by 74?
67
What is the remainder when 4262 is divided by 153?
131
What is the remainder when 2750 is divided by 54?
50
Calculate the remainder when 420 is divided by 83.
5
Calculate the remainder when 4568 is divided by 14.
4
What is the remainder when 2237 is divided by 16?
13
Calculate the remainder when 567 is divided by 4.
3
Calculate the remainder when 1233 is divided by 4.
1
Calculate the remainder when 2380 is divided by 587.
32
What is the remainder when 4801 is divided by 240?
1
Calculate the remainder when 1756 is divided by 88.
84
What is the remainder when 573 is divided by 25?
23
What is the remainder when 22313 is divided by 7?
4
Calculate the remainder when 257 is divided by 64.
1
Calculate the remainder when 54126 is divided by 398.
396
Calculate the remainder when 147 is divided by 52.
43
Calculate the remainder when 77 is divided by 13.
12
What is the remainder when 163 is divided by 12?
7
Calculate the remainder when 145 is divided by 30.
25
Calculate the remainder when 2479 is divided by 62.
61
What is the remainder when 745 is divided by 237?
34
Calculate the remainder when 53 is divided by 19.
15
What is the remainder when 1020 is divided by 18?
12
What is the remainder when 864 is divided by 234?
162
Calculate the remainder when 720 is divided by 305.
110
Calculate the remainder when 192 is divided by 69.
54
Calculate the remainder when 35 is divided by 19.
16
Calculate the remainder when 1009 is divided by 44.
41
What is the remainder when 1164 is divided by 200?
164
Calculate the remainder when 545 is divided by 14.
13
Calculate the remainder when 123 is divided by 25.
23
What is the remainder when 5886 is divided by 16?
14
Calculate the remainder when 247 is divided by 7.
2
What is the remainder when 1440 is divided by 37?
34
What is the remainder when 177 is divided by 68?
41
Calculate the remainder when 646 is divided by 59.
56
Calculate the remainder when 184 is divided by 40.
24
Calculate the remainder when 365 is divided by 61.
60
What is the remainder when 69 is divided by 46?
23
What is the remainder when 259 is divided by 29?
27
What is the remainder when 1547 is divided by 12?
11
Calculate the remainder when 2356 is divided by 18.
16
Calculate the remainder when 104 is divided by 34.
2
Calculate the remainder when 75 is divided by 11.
9
What is the remainder when 6089 is divided by 70?
69
Calculate the remainder when 21 is divided by 7.
0
Calculate the remainder when 218 is divided by 66.
20
What is the remainder when 985 is divided by 22?
17
Calculate the remainder when 1484 is divided by 21.
14
What is the remainder when 76 is divided by 47?
29
Calculate the remainder when 559 is divided by 114.
103
Calculate the remainder when 2985 is divided by 68.
61
What is the remainder when 853 is divided by 145?
128
Calculate the remainder when 1383 is divided by 166.
55
Calculate the remainder when 128 is divided by 67.
61
Calculate the remainder when 725 is divided by 81.
77
Calculate the remainder when 217 is divided by 15.
7
Calculate the remainder when 387 is divided by 44.
35
Calculate the remainder when 213 is divided by 21.
3
Calculate the remainder when 350 is divided by 166.
18
Calculate the remainder when 634 is divided by 14.
4
What is the remainder when 425 is divided by 10?
5
What is the remainder when 28917 is divided by 24?
21
What is the remainder when 161 is divided by 56?
49
What is the remainder when 1739 is divided by 60?
59
Calculate the remainder when 348 is divided by 9.
6
What is the remainder when 179 is divided by 17?
9
What is the remainder when 377 is divided by 65?
52
Calculate the remainder when 572 is divided by 82.
80
What is the remainder when 301 is divided by 14?
7
Calculate the remainder when 130 is divided by 47.
36
Calculate the remainder when 169 is divided by 42.
1
Calculate the remainder when 234 is divided by 22.
14
Calculate the remainder when 3287 is divided by 3283.
4
Calculate the remainder when 1572 is divided by 344.
196
Calculate the remainder when 31 is divided by 13.
5
Calculate the remainder when 457 is divided by 227.
3
What is the remainder when 205 is divided by 63?
16
Calculate the remainder when 233 is divided by 56.
9
Calculate the remainder when 85550 is divided by 98.
94
What is the remainder when 167 is divided by 10?
7
Calculate the remainder when 1419 is divided by 65.
54
Calculate the remainder when 77 is divided by 3.
2
Calculate the remainder when 185 is divided by 47.
44
What is the remainder when 87 is divided by 23?
18
What is the remainder when 1855 is divided by 36?
19
What is the remainder when 5915 is divided by 51?
50
Calculate the remainder when 502 is divided by 42.
40
What is the remainder when 1842 is divided by 602?
36
What is the remainder when 386 is divided by 49?
43
Calculate the remainder when 300 is divided by 102.
96
What is the remainder when 90 is divided by 78?
12
What is the remainder when 744 is divided by 80?
24
Calculate the remainder when 186 is divided by 12.
6
Calculate the remainder when 6885 is divided by 14.
11
What is the remainder when 780 is divided by 23?
21
What is the remainder when 1749 is divided by 1741?
8
Calculate the remainder when 109 is divided by 37.
35
Calculate the remainder when 917 is divided by 27.
26
Calculate the remainder when 139 is divided by 75.
64
What is the remainder when 1099 is divided by 17?
11
What is the remainder when 755 is divided by 152?
147
Calculate the remainder when 1424 is divided by 25.
24
Calculate the remainder when 404 is divided by 58.
56
What is the remainder when 461 is divided by 66?
65
Calculate the remainder when 1364 is divided by 451.
11
Calculate the remainder when 30 is divided by 9.
3
What is the remainder when 865 is divided by 2?
1
What is the remainder when 3066 is divided by 11?
8
What is the remainder when 337 is divided by 111?
4
What is the remainder when 1059 is divided by 8?
3
What is the remainder when 2781 is divided by 85?
61
What is the remainder when 215 is divided by 33?
17
What is the remainder when 520 is divided by 18?
16
Calculate the remainder when 553 is divided by 70.
63
What is the remainder when 188 is divided by 106?
82
What is the remainder when 1531 is divided by 455?
166
What is the remainder when 145 is divided by 53?
39
Calculate the remainder when 130 is divided by 16.
2
What is the remainder when 340 is divided by 87?
79
What is the